[INFO] cloning repository https://github.com/bltavares/stitches
[INFO] running `Command { std: "git" "-c" "credential.helper=" "-c" "credential.helper=/workspace/cargo-home/bin/git-credential-null" "clone" "--bare" "https://github.com/bltavares/stitches" "/workspace/cache/git-repos/https%3A%2F%2Fgithub.com%2Fbltavares%2Fstitches", kill_on_drop: false }`
[INFO] [stderr] Cloning into bare repository '/workspace/cache/git-repos/https%3A%2F%2Fgithub.com%2Fbltavares%2Fstitches'...
[INFO] running `Command { std: "git" "rev-parse" "HEAD", kill_on_drop: false }`
[INFO] [stdout] 6b8616b1a6fb890719b01df5096d7a6d1c1764a4
[INFO] building bltavares/stitches against master#ff34b919075f35a1787659e9c448a34b06bab8de for issue-85264
[INFO] running `Command { std: "git" "clone" "/workspace/cache/git-repos/https%3A%2F%2Fgithub.com%2Fbltavares%2Fstitches" "/workspace/builds/worker-3/source", kill_on_drop: false }`
[INFO] [stderr] Cloning into '/workspace/builds/worker-3/source'...
[INFO] [stderr] done.
[INFO] validating manifest of git repo https://github.com/bltavares/stitches on toolchain ff34b919075f35a1787659e9c448a34b06bab8de
[INFO] running `Command { std: "/workspace/cargo-home/bin/cargo" "+ff34b919075f35a1787659e9c448a34b06bab8de" "metadata" "--manifest-path" "Cargo.toml" "--no-deps", kill_on_drop: false }`
[INFO] started tweaking git repo https://github.com/bltavares/stitches
[INFO] finished tweaking git repo https://github.com/bltavares/stitches
[INFO] tweaked toml for git repo https://github.com/bltavares/stitches written to /workspace/builds/worker-3/source/Cargo.toml
[INFO] crate git repo https://github.com/bltavares/stitches already has a lockfile, it will not be regenerated
[INFO] running `Command { std: "/workspace/cargo-home/bin/cargo" "+ff34b919075f35a1787659e9c448a34b06bab8de" "fetch" "--manifest-path" "Cargo.toml", kill_on_drop: false }`
[INFO] [stderr]     Blocking waiting for file lock on package cache
[INFO] [stderr]     Blocking waiting for file lock on package cache
[INFO] [stderr] warning: TOML file found which contains invalid syntax and will soon not parse
[INFO] [stderr] at `/workspace/cargo-home/registry/src/github.com-1ecc6299db9ec823/url-0.5.5/Cargo.toml`.
[INFO] [stderr] 
[INFO] [stderr] The TOML spec requires newlines after table definitions (e.g., `[a] b = 1` is
[INFO] [stderr] invalid), but this file has a table header which does not have a newline after
[INFO] [stderr] it. A newline needs to be added and this warning will soon become a hard error
[INFO] [stderr] in the future.
[INFO] running `Command { std: "docker" "create" "-v" "/var/lib/crater-agent-workspace/builds/worker-3/target:/opt/rustwide/target:rw,Z" "-v" "/var/lib/crater-agent-workspace/builds/worker-3/source:/opt/rustwide/workdir:ro,Z" "-v" "/var/lib/crater-agent-workspace/cargo-home:/opt/rustwide/cargo-home:ro,Z" "-v" "/var/lib/crater-agent-workspace/rustup-home:/opt/rustwide/rustup-home:ro,Z" "-e" "SOURCE_DIR=/opt/rustwide/workdir" "-e" "CARGO_TARGET_DIR=/opt/rustwide/target" "-e" "CARGO_HOME=/opt/rustwide/cargo-home" "-e" "RUSTUP_HOME=/opt/rustwide/rustup-home" "-w" "/opt/rustwide/workdir" "-m" "1610612736" "--user" "0:0" "--network" "none" "ghcr.io/rust-lang/crates-build-env/linux@sha256:20528e8c29e4536546f0102ce88568b16ea7538393a33fcca951030f7af10457" "/opt/rustwide/cargo-home/bin/cargo" "+ff34b919075f35a1787659e9c448a34b06bab8de" "metadata" "--no-deps" "--format-version=1", kill_on_drop: false }`
[INFO] [stdout] c77f5937b71ef1cb96fc0f9773716558a58a08f041459eddc4d032098d0cea1f
[INFO] [stderr] WARNING: Your kernel does not support swap limit capabilities or the cgroup is not mounted. Memory limited without swap.
[INFO] running `Command { std: "docker" "start" "-a" "c77f5937b71ef1cb96fc0f9773716558a58a08f041459eddc4d032098d0cea1f", kill_on_drop: false }`
[INFO] running `Command { std: "docker" "inspect" "c77f5937b71ef1cb96fc0f9773716558a58a08f041459eddc4d032098d0cea1f", kill_on_drop: false }`
[INFO] running `Command { std: "docker" "rm" "-f" "c77f5937b71ef1cb96fc0f9773716558a58a08f041459eddc4d032098d0cea1f", kill_on_drop: false }`
[INFO] [stdout] c77f5937b71ef1cb96fc0f9773716558a58a08f041459eddc4d032098d0cea1f
[INFO] running `Command { std: "docker" "create" "-v" "/var/lib/crater-agent-workspace/builds/worker-3/target:/opt/rustwide/target:rw,Z" "-v" "/var/lib/crater-agent-workspace/builds/worker-3/source:/opt/rustwide/workdir:ro,Z" "-v" "/var/lib/crater-agent-workspace/cargo-home:/opt/rustwide/cargo-home:ro,Z" "-v" "/var/lib/crater-agent-workspace/rustup-home:/opt/rustwide/rustup-home:ro,Z" "-e" "SOURCE_DIR=/opt/rustwide/workdir" "-e" "CARGO_TARGET_DIR=/opt/rustwide/target" "-e" "CARGO_INCREMENTAL=0" "-e" "RUST_BACKTRACE=full" "-e" "RUSTFLAGS=--cap-lints=forbid" "-e" "CARGO_HOME=/opt/rustwide/cargo-home" "-e" "RUSTUP_HOME=/opt/rustwide/rustup-home" "-w" "/opt/rustwide/workdir" "-m" "1610612736" "--user" "0:0" "--network" "none" "ghcr.io/rust-lang/crates-build-env/linux@sha256:20528e8c29e4536546f0102ce88568b16ea7538393a33fcca951030f7af10457" "/opt/rustwide/cargo-home/bin/cargo" "+ff34b919075f35a1787659e9c448a34b06bab8de" "build" "--frozen" "--message-format=json", kill_on_drop: false }`
[INFO] [stdout] bacc69e7cdae132912678ce03c280df77fa77a7d4b21834b8ef2f07cda4b26dd
[INFO] [stderr] WARNING: Your kernel does not support swap limit capabilities or the cgroup is not mounted. Memory limited without swap.
[INFO] running `Command { std: "docker" "start" "-a" "bacc69e7cdae132912678ce03c280df77fa77a7d4b21834b8ef2f07cda4b26dd", kill_on_drop: false }`
[INFO] [stderr] warning: TOML file found which contains invalid syntax and will soon not parse
[INFO] [stderr] at `/opt/rustwide/cargo-home/registry/src/github.com-1ecc6299db9ec823/url-0.5.5/Cargo.toml`.
[INFO] [stderr] 
[INFO] [stderr] The TOML spec requires newlines after table definitions (e.g., `[a] b = 1` is
[INFO] [stderr] invalid), but this file has a table header which does not have a newline after
[INFO] [stderr] it. A newline needs to be added and this warning will soon become a hard error
[INFO] [stderr] in the future.
[INFO] [stderr]    Compiling winapi-build v0.1.1
[INFO] [stderr]    Compiling pkg-config v0.3.6
[INFO] [stderr]    Compiling gcc v0.3.22
[INFO] [stderr]    Compiling rustc-serialize v0.3.18
[INFO] [stderr]    Compiling semver v0.1.20
[INFO] [stderr]    Compiling num v0.1.30
[INFO] [stderr]    Compiling matches v0.1.2
[INFO] [stderr]    Compiling unicode-normalization v0.1.2
[INFO] [stderr]    Compiling regex-syntax v0.2.2
[INFO] [stderr]    Compiling traitobject v0.0.1
[INFO] [stderr]    Compiling language-tags v0.2.1
[INFO] [stderr]    Compiling httparse v1.1.1
[INFO] [stderr]    Compiling typeable v0.1.2
[INFO] [stderr]    Compiling buf_redux v0.1.3
[INFO] [stderr]    Compiling log v0.3.5
[INFO] [stderr]    Compiling memchr v0.1.7
[INFO] [stderr]    Compiling aho-corasick v0.4.1
[INFO] [stderr]    Compiling unicode-bidi v0.2.3
[INFO] [stderr]    Compiling advapi32-sys v0.1.2
[INFO] [stderr]    Compiling kernel32-sys v0.2.1
[INFO] [stdout] error[E0642]: patterns aren't allowed in functions without bodies
[INFO] [stdout]    --> /opt/rustwide/cargo-home/registry/src/github.com-1ecc6299db9ec823/rustc-serialize-0.3.18/src/serialize.rs:145:45
[INFO] [stdout]     |
[INFO] [stdout] 145 | ...                   &f_name: &str,
[INFO] [stdout]     |                       ^^^^^^^ pattern not allowed in function without body
[INFO] [stdout] 
[INFO] [stdout] 
[INFO] [stderr]    Compiling hpack v0.2.0
[INFO] [stderr]    Compiling openssl-sys v0.7.6
[INFO] [stderr]    Compiling time v0.1.34
[INFO] [stderr]    Compiling num_cpus v0.2.10
[INFO] [stderr]    Compiling rand v0.3.13
[INFO] [stderr]    Compiling rustc_version v0.1.6
[INFO] [stderr]    Compiling solicit v0.4.4
[INFO] [stderr]    Compiling openssl-sys-extras v0.7.6
[INFO] [stderr]    Compiling openssl v0.7.6
[INFO] [stderr]    Compiling unicase v1.2.1
[INFO] [stderr] error: failed to run custom build command for `openssl v0.7.6`
[INFO] [stderr] 
[INFO] [stderr] Caused by:
[INFO] [stderr]   process didn't exit successfully: `/opt/rustwide/target/debug/build/openssl-734154a943210838/build-script-build` (exit status: 101)
[INFO] [stderr]   --- stdout
[INFO] [stderr]   TARGET = Some("x86_64-unknown-linux-gnu")
[INFO] [stderr]   OPT_LEVEL = Some("0")
[INFO] [stderr]   PROFILE = Some("debug")
[INFO] [stderr]   TARGET = Some("x86_64-unknown-linux-gnu")
[INFO] [stderr]   debug=true opt-level=0
[INFO] [stderr]   HOST = Some("x86_64-unknown-linux-gnu")
[INFO] [stderr]   TARGET = Some("x86_64-unknown-linux-gnu")
[INFO] [stderr]   TARGET = Some("x86_64-unknown-linux-gnu")
[INFO] [stderr]   HOST = Some("x86_64-unknown-linux-gnu")
[INFO] [stderr]   CC_x86_64-unknown-linux-gnu = None
[INFO] [stderr]   CC_x86_64_unknown_linux_gnu = None
[INFO] [stderr]   HOST_CC = None
[INFO] [stderr]   CC = None
[INFO] [stderr]   HOST = Some("x86_64-unknown-linux-gnu")
[INFO] [stderr]   TARGET = Some("x86_64-unknown-linux-gnu")
[INFO] [stderr]   HOST = Some("x86_64-unknown-linux-gnu")
[INFO] [stderr]   CFLAGS_x86_64-unknown-linux-gnu = None
[INFO] [stderr]   CFLAGS_x86_64_unknown_linux_gnu = None
[INFO] [stderr]   HOST_CFLAGS = None
[INFO] [stderr]   CFLAGS = None
[INFO] [stderr]   running: "cc" "-O0" "-ffunction-sections" "-fdata-sections" "-g" "-m64" "-fPIC" "-o" "/opt/rustwide/target/debug/build/openssl-7dd14258068db92e/out/src/c_helpers.o" "-c" "src/c_helpers.c"
[INFO] [stderr]   ExitStatus(ExitStatus(256))
[INFO] [stderr] 
[INFO] [stderr] 
[INFO] [stderr]   command did not execute successfully, got: exit status: 1
[INFO] [stderr] 
[INFO] [stderr] 
[INFO] [stderr] 
[INFO] [stderr]   --- stderr
[INFO] [stderr]   src/c_helpers.c: In function 'rust_SSL_clone':
[INFO] [stderr]   src/c_helpers.c:4:5: warning: implicit declaration of function 'CRYPTO_add' [-Wimplicit-function-declaration]
[INFO] [stderr]       4 |     CRYPTO_add(&ssl->references, 1, CRYPTO_LOCK_SSL);
[INFO] [stderr]         |     ^~~~~~~~~~
[INFO] [stderr]   src/c_helpers.c:4:20: error: dereferencing pointer to incomplete type 'SSL' {aka 'struct ssl_st'}
[INFO] [stderr]       4 |     CRYPTO_add(&ssl->references, 1, CRYPTO_LOCK_SSL);
[INFO] [stderr]         |                    ^~
[INFO] [stderr]   src/c_helpers.c:4:37: error: 'CRYPTO_LOCK_SSL' undeclared (first use in this function); did you mean 'CRYPTO_LOCK'?
[INFO] [stderr]       4 |     CRYPTO_add(&ssl->references, 1, CRYPTO_LOCK_SSL);
[INFO] [stderr]         |                                     ^~~~~~~~~~~~~~~
[INFO] [stderr]         |                                     CRYPTO_LOCK
[INFO] [stderr]   src/c_helpers.c:4:37: note: each undeclared identifier is reported only once for each function it appears in
[INFO] [stderr]   src/c_helpers.c: In function 'rust_SSL_CTX_clone':
[INFO] [stderr]   src/c_helpers.c:8:20: error: dereferencing pointer to incomplete type 'SSL_CTX' {aka 'struct ssl_ctx_st'}
[INFO] [stderr]       8 |     CRYPTO_add(&ctx->references,1,CRYPTO_LOCK_SSL_CTX);
[INFO] [stderr]         |                    ^~
[INFO] [stderr]   src/c_helpers.c:8:35: error: 'CRYPTO_LOCK_SSL_CTX' undeclared (first use in this function); did you mean 'CRYPTO_EX_INDEX_SSL_CTX'?
[INFO] [stderr]       8 |     CRYPTO_add(&ctx->references,1,CRYPTO_LOCK_SSL_CTX);
[INFO] [stderr]         |                                   ^~~~~~~~~~~~~~~~~~~
[INFO] [stderr]         |                                   CRYPTO_EX_INDEX_SSL_CTX
[INFO] [stderr]   src/c_helpers.c: In function 'rust_EVP_PKEY_clone':
[INFO] [stderr]   src/c_helpers.c:12:21: error: dereferencing pointer to incomplete type 'EVP_PKEY' {aka 'struct evp_pkey_st'}
[INFO] [stderr]      12 |     CRYPTO_add(&pkey->references,1,CRYPTO_LOCK_EVP_PKEY);
[INFO] [stderr]         |                     ^~
[INFO] [stderr]   src/c_helpers.c:12:36: error: 'CRYPTO_LOCK_EVP_PKEY' undeclared (first use in this function)
[INFO] [stderr]      12 |     CRYPTO_add(&pkey->references,1,CRYPTO_LOCK_EVP_PKEY);
[INFO] [stderr]         |                                    ^~~~~~~~~~~~~~~~~~~~
[INFO] [stderr]   src/c_helpers.c: In function 'rust_X509_clone':
[INFO] [stderr]   src/c_helpers.c:16:21: error: dereferencing pointer to incomplete type 'X509' {aka 'struct x509_st'}
[INFO] [stderr]      16 |     CRYPTO_add(&x509->references,1,CRYPTO_LOCK_X509);
[INFO] [stderr]         |                     ^~
[INFO] [stderr]   src/c_helpers.c:16:36: error: 'CRYPTO_LOCK_X509' undeclared (first use in this function); did you mean 'CRYPTO_LOCK'?
[INFO] [stderr]      16 |     CRYPTO_add(&x509->references,1,CRYPTO_LOCK_X509);
[INFO] [stderr]         |                                    ^~~~~~~~~~~~~~~~
[INFO] [stderr]         |                                    CRYPTO_LOCK
[INFO] [stderr]   thread 'main' panicked at 'explicit panic', /opt/rustwide/cargo-home/registry/src/github.com-1ecc6299db9ec823/gcc-0.3.22/src/lib.rs:798:5
[INFO] [stderr]   stack backtrace:
[INFO] [stderr]      0:     0x5598d8d9c820 - std::backtrace_rs::backtrace::libunwind::trace::hdcf4f90f85129e83
[INFO] [stderr]                                  at /rustc/ff34b919075f35a1787659e9c448a34b06bab8de/library/std/src/../../backtrace/src/backtrace/libunwind.rs:90:5
[INFO] [stderr]      1:     0x5598d8d9c820 - std::backtrace_rs::backtrace::trace_unsynchronized::h2669e30cb82f6732
[INFO] [stderr]                                  at /rustc/ff34b919075f35a1787659e9c448a34b06bab8de/library/std/src/../../backtrace/src/backtrace/mod.rs:66:5
[INFO] [stderr]      2:     0x5598d8d9c820 - std::sys_common::backtrace::_print_fmt::hfbda19e17f6db318
[INFO] [stderr]                                  at /rustc/ff34b919075f35a1787659e9c448a34b06bab8de/library/std/src/sys_common/backtrace.rs:67:5
[INFO] [stderr]      3:     0x5598d8d9c820 - <std::sys_common::backtrace::_print::DisplayBacktrace as core::fmt::Display>::fmt::h1a8751bf59281272
[INFO] [stderr]                                  at /rustc/ff34b919075f35a1787659e9c448a34b06bab8de/library/std/src/sys_common/backtrace.rs:46:22
[INFO] [stderr]      4:     0x5598d8dbbbdf - core::fmt::write::h7aa6cd0067dca82a
[INFO] [stderr]                                  at /rustc/ff34b919075f35a1787659e9c448a34b06bab8de/library/core/src/fmt/mod.rs:1094:17
[INFO] [stderr]      5:     0x5598d8d99735 - std::io::Write::write_fmt::hd7dd3a1df9b6befb
[INFO] [stderr]                                  at /rustc/ff34b919075f35a1787659e9c448a34b06bab8de/library/std/src/io/mod.rs:1584:15
[INFO] [stderr]      6:     0x5598d8d9e6cb - std::sys_common::backtrace::_print::h551e9ec8a9fa8106
[INFO] [stderr]                                  at /rustc/ff34b919075f35a1787659e9c448a34b06bab8de/library/std/src/sys_common/backtrace.rs:49:5
[INFO] [stderr]      7:     0x5598d8d9e6cb - std::sys_common::backtrace::print::ha4b1c5e95fa040b3
[INFO] [stderr]                                  at /rustc/ff34b919075f35a1787659e9c448a34b06bab8de/library/std/src/sys_common/backtrace.rs:36:9
[INFO] [stderr]      8:     0x5598d8d9e6cb - std::panicking::default_hook::{{closure}}::h0b34c9ab7fb9f857
[INFO] [stderr]                                  at /rustc/ff34b919075f35a1787659e9c448a34b06bab8de/library/std/src/panicking.rs:208:50
[INFO] [stderr]      9:     0x5598d8d9e1ad - std::panicking::default_hook::h3067e8318decd17a
[INFO] [stderr]                                  at /rustc/ff34b919075f35a1787659e9c448a34b06bab8de/library/std/src/panicking.rs:225:9
[INFO] [stderr]     10:     0x5598d8d9ec7d - std::panicking::rust_panic_with_hook::h81b8facc50f34daa
[INFO] [stderr]                                  at /rustc/ff34b919075f35a1787659e9c448a34b06bab8de/library/std/src/panicking.rs:591:17
[INFO] [stderr]     11:     0x5598d8d66163 - std::panicking::begin_panic::{{closure}}::h7fc8e9a0c5c6ce4b
[INFO] [stderr]                                  at /rustc/ff34b919075f35a1787659e9c448a34b06bab8de/library/std/src/panicking.rs:520:9
[INFO] [stderr]     12:     0x5598d8d747f9 - std::sys_common::backtrace::__rust_end_short_backtrace::h2189b3501e1bc0a5
[INFO] [stderr]                                  at /rustc/ff34b919075f35a1787659e9c448a34b06bab8de/library/std/src/sys_common/backtrace.rs:141:18
[INFO] [stderr]     13:     0x5598d8d66099 - std::panicking::begin_panic::h4ad802f8585c32b7
[INFO] [stderr]                                  at /rustc/ff34b919075f35a1787659e9c448a34b06bab8de/library/std/src/panicking.rs:519:12
[INFO] [stderr]     14:     0x5598d8d74745 - gcc::fail::h9cd9f0e3b0ba226f
[INFO] [stderr]                                  at /opt/rustwide/cargo-home/registry/src/github.com-1ecc6299db9ec823/gcc-0.3.22/src/lib.rs:798:5
[INFO] [stderr]     15:     0x5598d8d745b8 - gcc::run::hdc2e4821d09ed8f6
[INFO] [stderr]                                  at /opt/rustwide/cargo-home/registry/src/github.com-1ecc6299db9ec823/gcc-0.3.22/src/lib.rs:792:9
[INFO] [stderr]     16:     0x5598d8d6d88f - gcc::Config::compile_object::ha69ba54da0a5012c
[INFO] [stderr]                                  at /opt/rustwide/cargo-home/registry/src/github.com-1ecc6299db9ec823/gcc-0.3.22/src/lib.rs:375:9
[INFO] [stderr]     17:     0x5598d8d6c885 - gcc::Config::compile::h2eb0ea25e0a71b2c
[INFO] [stderr]                                  at /opt/rustwide/cargo-home/registry/src/github.com-1ecc6299db9ec823/gcc-0.3.22/src/lib.rs:330:13
[INFO] [stderr]     18:     0x5598d8d62f1b - build_script_build::main::h89b893404c2835e3
[INFO] [stderr]                                  at /opt/rustwide/cargo-home/registry/src/github.com-1ecc6299db9ec823/openssl-0.7.6/build.rs:15:5
[INFO] [stderr]     19:     0x5598d8d62acb - core::ops::function::FnOnce::call_once::h2be3e214e5c0f3e9
[INFO] [stderr]                                  at /rustc/ff34b919075f35a1787659e9c448a34b06bab8de/library/core/src/ops/function.rs:227:5
[INFO] [stderr]     20:     0x5598d8d62bae - std::sys_common::backtrace::__rust_begin_short_backtrace::h2d6a5cb1560d36b2
[INFO] [stderr]                                  at /rustc/ff34b919075f35a1787659e9c448a34b06bab8de/library/std/src/sys_common/backtrace.rs:125:18
[INFO] [stderr]     21:     0x5598d8d62b81 - std::rt::lang_start::{{closure}}::h111392317066f65e
[INFO] [stderr]                                  at /rustc/ff34b919075f35a1787659e9c448a34b06bab8de/library/std/src/rt.rs:49:18
[INFO] [stderr]     22:     0x5598d8d9f07a - core::ops::function::impls::<impl core::ops::function::FnOnce<A> for &F>::call_once::h3b8c329143d7638a
[INFO] [stderr]                                  at /rustc/ff34b919075f35a1787659e9c448a34b06bab8de/library/core/src/ops/function.rs:259:13
[INFO] [stderr]     23:     0x5598d8d9f07a - std::panicking::try::do_call::h4b72c261b4eefc1b
[INFO] [stderr]                                  at /rustc/ff34b919075f35a1787659e9c448a34b06bab8de/library/std/src/panicking.rs:379:40
[INFO] [stderr]     24:     0x5598d8d9f07a - std::panicking::try::h703d31b7896cbd49
[INFO] [stderr]                                  at /rustc/ff34b919075f35a1787659e9c448a34b06bab8de/library/std/src/panicking.rs:343:19
[INFO] [stderr]     25:     0x5598d8d9f07a - std::panic::catch_unwind::h37cad9b35388a915
[INFO] [stderr]                                  at /rustc/ff34b919075f35a1787659e9c448a34b06bab8de/library/std/src/panic.rs:431:14
[INFO] [stderr]     26:     0x5598d8d9f07a - std::rt::lang_start_internal::hab5a8a909af4f90e
[INFO] [stderr]                                  at /rustc/ff34b919075f35a1787659e9c448a34b06bab8de/library/std/src/rt.rs:34:21
[INFO] [stderr]     27:     0x5598d8d62b60 - std::rt::lang_start::hb15151e026078e7b
[INFO] [stderr]                                  at /rustc/ff34b919075f35a1787659e9c448a34b06bab8de/library/std/src/rt.rs:48:5
[INFO] [stderr]     28:     0x5598d8d6306c - main
[INFO] [stderr]     29:     0x7f51dc92c0b3 - __libc_start_main
[INFO] [stderr]     30:     0x5598d8d6298e - _start
[INFO] [stderr]     31:                0x0 - <unknown>
[INFO] [stderr] warning: build failed, waiting for other jobs to finish...
[INFO] [stdout] error: aborting due to previous error
[INFO] [stdout] 
[INFO] [stdout] 
[INFO] [stdout] For more information about this error, try `rustc --explain E0642`.
[INFO] [stdout] 
[INFO] [stderr] error: build failed
[INFO] running `Command { std: "docker" "inspect" "bacc69e7cdae132912678ce03c280df77fa77a7d4b21834b8ef2f07cda4b26dd", kill_on_drop: false }`
[INFO] running `Command { std: "docker" "rm" "-f" "bacc69e7cdae132912678ce03c280df77fa77a7d4b21834b8ef2f07cda4b26dd", kill_on_drop: false }`
[INFO] [stdout] bacc69e7cdae132912678ce03c280df77fa77a7d4b21834b8ef2f07cda4b26dd
